{"id":134,"date":"2021-02-09T17:22:39","date_gmt":"2021-02-09T16:22:39","guid":{"rendered":"https:\/\/sp5pyskowice.pl\/swietlica\/?page_id=134"},"modified":"2022-01-21T07:24:49","modified_gmt":"2022-01-21T06:24:49","slug":"konkursy","status":"publish","type":"page","link":"https:\/\/sp5pyskowice.pl\/swietlica\/konkursy\/","title":{"rendered":"Konkursy"},"content":{"rendered":"\n<p><\/p>\n\n\n\n<p class=\"has-text-align-center has-vivid-cyan-blue-color has-text-color\">XIII OG\u00d3LNOPOLSKIM KONKURSIE PLASTYCZNYM DLA WYCHOWANK\u00d3W \u015aWIETLIC SZKOLNYCH<\/p>\n\n\n\n<div class=\"wp-block-file\"><a href=\"https:\/\/sp5pyskowice.pl\/swietlica\/wp-content\/uploads\/2022\/01\/Bosa-osa-czy-srebre-ryby-regulamin-1-1.pdf\">Bosa-osa-czy-srebre-ryby-regulamin-1-1<\/a><a href=\"https:\/\/sp5pyskowice.pl\/swietlica\/wp-content\/uploads\/2022\/01\/Bosa-osa-czy-srebre-ryby-regulamin-1-1.pdf\" class=\"wp-block-file__button\" download>Pobierz<\/a><\/div>\n\n\n\n<p>Szko\u0142a Podstawowa nr 5 w Pyskowicach zaprasza dzieci ucz\u0119szczaj\u0105ce do \u015bwietlic szkolnych do wzi\u0119cia udzia\u0142u w konkursie plastycznym pt. \u201eBosa osa czy srebre ryby &#8211; inspiracje tw\u00f3rczo\u015bci\u0105 Doroty Gellner \u201d zwanym dalej \u201eKonkursem\u201d.<\/p>\n\n\n\n<p>Konkurs jest obj\u0119ty patronatem autorki Doroty Gellner oraz \u015al\u0105skiego Kuratora O\u015bwiaty.<br>Dorota Gellner jest autork\u0105 bajek, wierszy, opowiada\u0144, rymowanek i tekst\u00f3w do piosenek- takich jak: \u201eKrawcowe\u201c, \u201eW\u015bcibscy\u201c, \u201eSanatorium\u201c, \u201eZuzia- lalka niedu\u017ca\u201c, \u201eOg\u00f3rek\u201c, \u201eA ja rosn\u0119\u201c. Bohaterkami jej utwor\u00f3w s\u0105 dzieci, zwierz\u0119ta, ro\u015bliny, przedmioty i zjawiska przyrodnicze.<br>I. ORGANIZATOR<br>Organizatorem Konkursu jest \u015awietlica Szko\u0142y Podstawowej nr 5 w Pyskowicach, wychowawca \u015bwietlicy: mgr Beata Kras\u00f3wka zwane dalej \u201eOrganizatorem\u201d.<br>KONTAKT<br>tel. 795 506 083 e-mail: bkrasowka.sp5pyskowice@gmail.com<br>II. CEL KONKURSU<\/p>\n\n\n\n<ol><li>Popularyzacja czytelnictwa w\u015br\u00f3d dzieci,<\/li><li>Promowanie autor\u00f3w literatury polskiej,<\/li><li>Kszta\u0142towanie gust\u00f3w czytelniczych,<\/li><li>Podniesienie poziomu czytelnictwa,<\/li><li>Mobilizowanie uczni\u00f3w do czytania,<\/li><li>Aktywizowanie uczni\u00f3w poprzez udzia\u0142 w konkursie,<\/li><li>Kszta\u0142towanie wyobra\u017ani dzieci poprzez prace plastyczne inspirowane wierszem,<\/li><li>Rozw\u00f3j umiej\u0119tno\u015bci plastycznych w\u015br\u00f3d dzieci i m\u0142odzie\u017cy,<\/li><li>Odkrywanie m\u0142odych talent\u00f3w,<\/li><li>Umo\u017cliwienie prezentacji uzdolnie\u0144,<\/li><li>Promocja \u015bwietlic szkolnych.<br>III. ZA\u0141O\u017bENIA ORGANIZACYJNE<\/li><\/ol>\n\n\n\n<p>Tematem przewodnim prac b\u0119d\u0105 ilustracje do jednego lub wielu utwor\u00f3w Doroty Gellner. Konkurs skierowany jest do dzieci ucz\u0119szczaj\u0105cych na zaj\u0119cia \u015bwietlicowe w szko\u0142ach podstawowych z klas1-4SP.<\/p>\n\n\n\n<p>Konkurs zostanie oceniony osobno dla prac p\u0142askich i prac przestrzennych<\/p>\n\n\n\n<p>Termin nadsy\u0142ania prac: 31.03.2022r.<\/p>\n\n\n\n<p>Z ka\u017cdej plac\u00f3wki mo\u017ce by\u0107 nades\u0142ana dowolna ilo\u015b\u0107 prac z ka\u017cdej kategorii wiekowej.<\/p>\n\n\n\n<p>Technika prac plastycznych: praca p\u0142aska lub przestrzenna w dowolnym formacie<\/p>\n\n\n\n<p>Do pracy na odwrocie nale\u017cy za\u0142\u0105czy\u0107 \u201eKart\u0119 zg\u0142oszeniow\u0105\u201d &#8211; za\u0142\u0105cznik nr 1 do niniejszego Regulaminu.<\/p>\n\n\n\n<p>Praca musi by\u0107 wykonana estetycznie, nie mo\u017ce by\u0107 zniszczona.<br>IV. TERMIN I MIEJSCE SK\u0141ADANIA PRAC<br>Prace nale\u017cy z\u0142o\u017cy\u0107, nades\u0142a\u0107 ( liczy si\u0119 data stempla pocztowego) do dnia 31.03.2022 roku. Adres: Szko\u0142a Podstawowa nr 5 ul. Szkolna 2 44-120 Pyskowice z dopiskiem \u015aWIETLICA.<br>V. OCENA PRAC KONKURSOWYCH<\/p>\n\n\n\n<p>Prace konkursowe b\u0119d\u0105 oceniane przez Jury powo\u0142ane przez Organizatora Konkursu.<\/p>\n\n\n\n<p>Jury we\u017amie pod uwag\u0119: jako\u015b\u0107 wykonania pracy oraz jej oryginalno\u015b\u0107.<\/p>\n\n\n\n<p>Prace niespe\u0142niaj\u0105ce zasad okre\u015blonych w Regulaminie nie b\u0119d\u0105 podlega\u0142y ocenie przez<br>Jury.<br>VI. ROZSTRZYGNI\u0118CIE KONKURSU ORAZ OG\u0141OSZENIE WYNIK\u00d3W<\/p>\n\n\n\n<p>Og\u0142oszenie wynik\u00f3w Konkursu nast\u0105pi w kwietniu 2022r.<\/p>\n\n\n\n<p>Lista laureat\u00f3w Konkursu zostanie zamieszczona na stronie internetowej Organizatora<br>sp5pyskowice.pl\/swietlica<\/p>\n\n\n\n<p>Nagrody i dyplomy zostan\u0105 przes\u0142ane laureatom poczt\u0105 lub zaproszone na gal\u0119 wr\u0119czenia<br>nagr\u00f3d.<br>VII. POSTANOWIENIA KO\u0143COWE<\/p>\n\n\n\n<p>Z\u0142o\u017cenie pracy jest jednoznaczne z zaakceptowaniem warunk\u00f3w Regulaminu Konkursu.<\/p>\n\n\n\n<p>W sprawach nieobj\u0119tym niniejszym Regulaminem decyduje Organizator.<\/p>\n\n\n\n<p>Wszystkie prace zg\u0142oszone do Konkursu staj\u0105 si\u0119 w\u0142asno\u015bci\u0105 Organizatora. Autorzy prac<br>przenosz\u0105 na Organizatora prawa do publikacji dzie\u0142a.<\/p>\n\n\n\n<p>Zapytania dotycz\u0105ce konkursu prosimy kierowa\u0107 do Organizator\u00f3w.<br>\u2026\u2026\u2026\u2026\u2026\u2026\u2026\u2026\u2026\u2026\u2026\u2026\u2026\u2026..\u2026\u2026\u2026\u2026\u2026.<br>Piecz\u0119\u0107 szko\u0142y uczestnika<br>ZG\u0141OSZENIE DZIECKA DO KONKURSU<br>XIII Og\u00f3lnopolski Konkurs Plastyczny \u201eBosa osa czy srebrna ryba &#8211; inspiracje tw\u00f3rczo\u015bci\u0105 Doroty Gellner\u201d , organizator Szko\u0142a Podstawowa nr 5 w Pyskowicach<br>Wyra\u017cam zgod\u0119 na udzia\u0142 mojego dziecka w wy\u017cej wymienionym konkursie i podaj\u0119 jego dane:<br>Uczennica\/ucze\u0144: \u2026\u2026\u2026\u2026\u2026\u2026\u2026\u2026\u2026\u2026\u2026\u2026\u2026\u2026\u2026\u2026\u2026\u2026\u2026\u2026\u2026\u2026\u2026\u2026\u2026\u2026\u2026\u2026\u2026\u2026\u2026\u2026\u2026\u2026\u2026\u2026.\u2026 \u2026\u2026\u2026\u2026\u2026\u2026\u2026\u2026\u2026\u2026\u2026.\u2026\u2026\u2026\u2026\u2026\u2026\u2026\u2026<br>Nazwisko i imi\u0119 Klasa<br>\u2026\u2026\u2026\u2026\u2026\u2026\u2026\u2026\u2026\u2026\u2026\u2026\u2026\u2026\u2026\u2026.\u2026\u2026\u2026\u2026\u2026\u2026\u2026\u2026\u2026 \u2026\u2026\u2026\u2026\u2026\u2026\u2026\u2026\u2026\u2026\u2026\u2026\u2026\u2026\u2026\u2026\u2026\u2026 \u2026\u2026\u2026\u2026\u2026\u2026\u2026\u2026\u2026\u2026\u2026\u2026\u2026.\u2026\u2026\u2026\u2026..<br>Nazwa, adres szko\u0142y, telefon, mail opiekuna plastycznego<br>\u2026\u2026\u2026\u2026\u2026\u2026\u2026\u2026\u2026\u2026\u2026..\u2026\u2026\u2026\u2026\u2026\u2026\u2026\u2026\u2026\u2026\u2026\u2026\u2026\u2026\u2026\u2026<br>Data i podpis\/y rodzica lub opiekuna prawnego<br>Wyra\u017cam zgod\u0119\/nie wyra\u017cam zgody* na publikacj\u0119: imienia, nazwiska, wieku, klasy, szko\u0142y, wizerunku dziecka na stronach internetowych organizatora, Facebooku, w mediach lokalnych, prasie, itd.)<br>\u2026\u2026\u2026\u2026\u2026\u2026\u2026\u2026\u2026\u2026\u2026..\u2026\u2026\u2026\u2026\u2026\u2026\u2026\u2026\u2026\u2026\u2026\u2026\u2026\u2026\u2026\u2026<br>Data i podpis\/y rodzica lub opiekuna prawnego<\/p>\n\n\n\n<ul><li>&#8211; skre\u015bli\u0107 niepotrzebne<br>Dodatkowa informacja Administratora<br>Zgodnie z art. 13 ust. 1 i 2 og\u00f3lnego rozporz\u0105dzenia o ochronie danych osobowych z dnia 27 kwietnia 2016 r. (zwanego dalej \u201eRODO\u201d) informuj\u0119 Pani\u0105\/Pana, \u017ce:<br>\uf0b7 administratorem zbieranych danych jest Szko\u0142a Podstawowa nr 5 z siedzib\u0105 w Pyskowicach ul. Szkolna2<br>\uf0b7 z naszym inspektorem ochrony danych mo\u017cna skontaktowa\u0107 si\u0119 przez e-mail: biuro@eduabi.eu<br>\uf0b7 celami przetwarzania danych w ramach konkursu s\u0105: organizacja i przeprowadzenie konkursu, rozliczenie konkursu i przyznanych nagr\u00f3d, publikacja wynik\u00f3w;<br>\uf0b7 podstaw\u0105 prawn\u0105 przetwarzania danych jest art. 6 ust. 1 lit. a) RODO;<br>\uf0b7 dane nie b\u0119d\u0105 udost\u0119pniane podmiotom innym ni\u017c wskazane w zgodzie, chyba \u017ce b\u0119d\u0105 uprawnione na mocy przepis\u00f3w prawa<br>\uf0b7 dane b\u0119d\u0105 przechowywane do momentu zrealizowania cel\u00f3w konkursu;<br>\uf0b7 podanie danych identyfikacyjnych jest dobrowolne, jednak\u017ce niezb\u0119dne do wzi\u0119cia udzia\u0142u w konkursie; zgoda na publikacj\u0119 wynik\u00f3w konkursu oraz wizerunku jest dobrowolna i nie jest uzale\u017cnione od niej wzi\u0119cie udzia\u0142u w konkursie;<br>\uf0b7 zgod\u0119 mo\u017cna wycofa\u0107 w dowolnym momencie, jednak bez wp\u0142ywu na przetwarzanie, kt\u00f3rego dokonano na podstawie zgody przed jej cofni\u0119ciem; formularz i spos\u00f3b wycofania zgody zosta\u0142y okre\u015blone w regulaminie;<br>\uf0b7 przys\u0142uguje Pani\/Panu prawo dost\u0119pu do swoich danych oraz \u2013 z uwzgl\u0119dnieniem przepis\u00f3w \u2013 prawa do sprostowania danych, ich usuni\u0119cia, ograniczenia przetwarzania i do wniesienia sprzeciwu;<br>\uf0b7 przys\u0142uguje Pani\/Panu r\u00f3wnie\u017c prawo wniesienia skargi do Prezesa Urz\u0119du Ochrony Danych Osobowych, je\u015bli uwa\u017ca Pani\/Pan, \u017ce przetwarzanie narusza powy\u017csze prawa lub RODO;<br>\uf0b7 w oparciu o przetwarzane dane nie b\u0119dzie mia\u0142o miejsca zautomatyzowane podejmowanie decyzji ani profilowanie.<\/li><\/ul>\n\n\n\n<figure class=\"wp-block-gallery columns-3 is-cropped wp-block-gallery-1 is-layout-flex wp-block-gallery-is-layout-flex\"><ul class=\"blocks-gallery-grid\"><li class=\"blocks-gallery-item\"><figure><img loading=\"lazy\" decoding=\"async\" width=\"768\" height=\"1024\" src=\"https:\/\/sp5pyskowice.pl\/swietlica\/wp-content\/uploads\/2022\/01\/1642148931445-768x1024.jpg\" alt=\"\" data-id=\"1624\" data-full-url=\"https:\/\/sp5pyskowice.pl\/swietlica\/wp-content\/uploads\/2022\/01\/1642148931445-scaled.jpg\" data-link=\"https:\/\/sp5pyskowice.pl\/swietlica\/konkursy\/attachment\/1642148931445\/\" class=\"wp-image-1624\" srcset=\"https:\/\/sp5pyskowice.pl\/swietlica\/wp-content\/uploads\/2022\/01\/1642148931445-768x1024.jpg 768w, https:\/\/sp5pyskowice.pl\/swietlica\/wp-content\/uploads\/2022\/01\/1642148931445-225x300.jpg 225w, https:\/\/sp5pyskowice.pl\/swietlica\/wp-content\/uploads\/2022\/01\/1642148931445-1152x1536.jpg 1152w, https:\/\/sp5pyskowice.pl\/swietlica\/wp-content\/uploads\/2022\/01\/1642148931445-1536x2048.jpg 1536w, https:\/\/sp5pyskowice.pl\/swietlica\/wp-content\/uploads\/2022\/01\/1642148931445-scaled.jpg 1920w\" sizes=\"(max-width: 768px) 100vw, 768px\" \/><\/figure><\/li><li class=\"blocks-gallery-item\"><figure><img loading=\"lazy\" decoding=\"async\" width=\"768\" height=\"1024\" src=\"https:\/\/sp5pyskowice.pl\/swietlica\/wp-content\/uploads\/2022\/01\/1642148931451-768x1024.jpg\" alt=\"\" data-id=\"1625\" data-full-url=\"https:\/\/sp5pyskowice.pl\/swietlica\/wp-content\/uploads\/2022\/01\/1642148931451-scaled.jpg\" data-link=\"https:\/\/sp5pyskowice.pl\/swietlica\/konkursy\/attachment\/1642148931451\/\" class=\"wp-image-1625\" srcset=\"https:\/\/sp5pyskowice.pl\/swietlica\/wp-content\/uploads\/2022\/01\/1642148931451-768x1024.jpg 768w, https:\/\/sp5pyskowice.pl\/swietlica\/wp-content\/uploads\/2022\/01\/1642148931451-225x300.jpg 225w, https:\/\/sp5pyskowice.pl\/swietlica\/wp-content\/uploads\/2022\/01\/1642148931451-1152x1536.jpg 1152w, https:\/\/sp5pyskowice.pl\/swietlica\/wp-content\/uploads\/2022\/01\/1642148931451-1536x2048.jpg 1536w, https:\/\/sp5pyskowice.pl\/swietlica\/wp-content\/uploads\/2022\/01\/1642148931451-scaled.jpg 1920w\" sizes=\"(max-width: 768px) 100vw, 768px\" \/><\/figure><\/li><li class=\"blocks-gallery-item\"><figure><img loading=\"lazy\" decoding=\"async\" width=\"833\" height=\"625\" src=\"https:\/\/sp5pyskowice.pl\/swietlica\/wp-content\/uploads\/2022\/01\/a.jpg\" alt=\"\" data-id=\"1626\" data-full-url=\"https:\/\/sp5pyskowice.pl\/swietlica\/wp-content\/uploads\/2022\/01\/a.jpg\" data-link=\"https:\/\/sp5pyskowice.pl\/swietlica\/konkursy\/a-2\/\" class=\"wp-image-1626\" srcset=\"https:\/\/sp5pyskowice.pl\/swietlica\/wp-content\/uploads\/2022\/01\/a.jpg 833w, https:\/\/sp5pyskowice.pl\/swietlica\/wp-content\/uploads\/2022\/01\/a-300x225.jpg 300w, https:\/\/sp5pyskowice.pl\/swietlica\/wp-content\/uploads\/2022\/01\/a-768x576.jpg 768w\" sizes=\"(max-width: 833px) 100vw, 833px\" \/><\/figure><\/li><li class=\"blocks-gallery-item\"><figure><img loading=\"lazy\" decoding=\"async\" width=\"758\" height=\"568\" src=\"https:\/\/sp5pyskowice.pl\/swietlica\/wp-content\/uploads\/2022\/01\/b.jpg\" alt=\"\" data-id=\"1627\" data-full-url=\"https:\/\/sp5pyskowice.pl\/swietlica\/wp-content\/uploads\/2022\/01\/b.jpg\" data-link=\"https:\/\/sp5pyskowice.pl\/swietlica\/konkursy\/b-2\/\" class=\"wp-image-1627\" srcset=\"https:\/\/sp5pyskowice.pl\/swietlica\/wp-content\/uploads\/2022\/01\/b.jpg 758w, https:\/\/sp5pyskowice.pl\/swietlica\/wp-content\/uploads\/2022\/01\/b-300x225.jpg 300w\" sizes=\"(max-width: 758px) 100vw, 758px\" \/><\/figure><\/li><li class=\"blocks-gallery-item\"><figure><img loading=\"lazy\" decoding=\"async\" width=\"426\" height=\"568\" src=\"https:\/\/sp5pyskowice.pl\/swietlica\/wp-content\/uploads\/2022\/01\/c.jpg\" alt=\"\" data-id=\"1628\" data-full-url=\"https:\/\/sp5pyskowice.pl\/swietlica\/wp-content\/uploads\/2022\/01\/c.jpg\" data-link=\"https:\/\/sp5pyskowice.pl\/swietlica\/konkursy\/c-2\/\" class=\"wp-image-1628\" srcset=\"https:\/\/sp5pyskowice.pl\/swietlica\/wp-content\/uploads\/2022\/01\/c.jpg 426w, https:\/\/sp5pyskowice.pl\/swietlica\/wp-content\/uploads\/2022\/01\/c-225x300.jpg 225w\" sizes=\"(max-width: 426px) 100vw, 426px\" \/><\/figure><\/li><li class=\"blocks-gallery-item\"><figure><img loading=\"lazy\" decoding=\"async\" width=\"758\" height=\"568\" src=\"https:\/\/sp5pyskowice.pl\/swietlica\/wp-content\/uploads\/2022\/01\/g.jpg\" alt=\"\" data-id=\"1629\" data-full-url=\"https:\/\/sp5pyskowice.pl\/swietlica\/wp-content\/uploads\/2022\/01\/g.jpg\" data-link=\"https:\/\/sp5pyskowice.pl\/swietlica\/konkursy\/g\/\" class=\"wp-image-1629\" srcset=\"https:\/\/sp5pyskowice.pl\/swietlica\/wp-content\/uploads\/2022\/01\/g.jpg 758w, https:\/\/sp5pyskowice.pl\/swietlica\/wp-content\/uploads\/2022\/01\/g-300x225.jpg 300w\" sizes=\"(max-width: 758px) 100vw, 758px\" \/><\/figure><\/li><li class=\"blocks-gallery-item\"><figure><img loading=\"lazy\" decoding=\"async\" width=\"758\" height=\"568\" src=\"https:\/\/sp5pyskowice.pl\/swietlica\/wp-content\/uploads\/2022\/01\/h.jpg\" alt=\"\" data-id=\"1630\" data-full-url=\"https:\/\/sp5pyskowice.pl\/swietlica\/wp-content\/uploads\/2022\/01\/h.jpg\" data-link=\"https:\/\/sp5pyskowice.pl\/swietlica\/konkursy\/h\/\" class=\"wp-image-1630\" srcset=\"https:\/\/sp5pyskowice.pl\/swietlica\/wp-content\/uploads\/2022\/01\/h.jpg 758w, https:\/\/sp5pyskowice.pl\/swietlica\/wp-content\/uploads\/2022\/01\/h-300x225.jpg 300w\" sizes=\"(max-width: 758px) 100vw, 758px\" \/><\/figure><\/li><li class=\"blocks-gallery-item\"><figure><img loading=\"lazy\" decoding=\"async\" width=\"758\" height=\"568\" src=\"https:\/\/sp5pyskowice.pl\/swietlica\/wp-content\/uploads\/2022\/01\/y.jpg\" alt=\"\" data-id=\"1631\" data-full-url=\"https:\/\/sp5pyskowice.pl\/swietlica\/wp-content\/uploads\/2022\/01\/y.jpg\" data-link=\"https:\/\/sp5pyskowice.pl\/swietlica\/konkursy\/y\/\" class=\"wp-image-1631\" srcset=\"https:\/\/sp5pyskowice.pl\/swietlica\/wp-content\/uploads\/2022\/01\/y.jpg 758w, https:\/\/sp5pyskowice.pl\/swietlica\/wp-content\/uploads\/2022\/01\/y-300x225.jpg 300w\" sizes=\"(max-width: 758px) 100vw, 758px\" \/><\/figure><\/li><\/ul><\/figure>\n\n\n\n<ul><li><\/li><\/ul>\n\n\n\n<div class=\"wp-block-file\"><a href=\"https:\/\/sp5pyskowice.pl\/swietlica\/wp-content\/uploads\/2022\/01\/Bosa-osa-czy-srebre-ryby-regulamin-1.pdf\">Bosa-osa-czy-srebre-ryby-regulamin-1<\/a><a href=\"https:\/\/sp5pyskowice.pl\/swietlica\/wp-content\/uploads\/2022\/01\/Bosa-osa-czy-srebre-ryby-regulamin-1.pdf\" class=\"wp-block-file__button\" download>Pobierz<\/a><\/div>\n\n\n","protected":false},"excerpt":{"rendered":"<p>XIII OG\u00d3LNOPOLSKIM KONKURSIE PLASTYCZNYM DLA WYCHOWANK\u00d3W \u015aWIETLIC SZKOLNYCH Szko\u0142a Podstawowa nr 5 w Pyskowicach zaprasza dzieci ucz\u0119szczaj\u0105ce do \u015bwietlic szkolnych do wzi\u0119cia udzia\u0142u w konkursie plastycznym pt. \u201eBosa osa czy srebre ryby &#8211; inspiracje tw\u00f3rczo\u015bci\u0105 Doroty Gellner \u201d zwanym dalej \u201eKonkursem\u201d. Konkurs jest obj\u0119ty patronatem autorki Doroty Gellner oraz \u015al\u0105skiego Kuratora O\u015bwiaty.Dorota Gellner jest autork\u0105 [&hellip;]<\/p>\n","protected":false},"author":1,"featured_media":0,"parent":0,"menu_order":0,"comment_status":"closed","ping_status":"closed","template":"","meta":{"footnotes":""},"_links":{"self":[{"href":"https:\/\/sp5pyskowice.pl\/swietlica\/wp-json\/wp\/v2\/pages\/134"}],"collection":[{"href":"https:\/\/sp5pyskowice.pl\/swietlica\/wp-json\/wp\/v2\/pages"}],"about":[{"href":"https:\/\/sp5pyskowice.pl\/swietlica\/wp-json\/wp\/v2\/types\/page"}],"author":[{"embeddable":true,"href":"https:\/\/sp5pyskowice.pl\/swietlica\/wp-json\/wp\/v2\/users\/1"}],"replies":[{"embeddable":true,"href":"https:\/\/sp5pyskowice.pl\/swietlica\/wp-json\/wp\/v2\/comments?post=134"}],"version-history":[{"count":9,"href":"https:\/\/sp5pyskowice.pl\/swietlica\/wp-json\/wp\/v2\/pages\/134\/revisions"}],"predecessor-version":[{"id":1658,"href":"https:\/\/sp5pyskowice.pl\/swietlica\/wp-json\/wp\/v2\/pages\/134\/revisions\/1658"}],"wp:attachment":[{"href":"https:\/\/sp5pyskowice.pl\/swietlica\/wp-json\/wp\/v2\/media?parent=134"}],"curies":[{"name":"wp","href":"https:\/\/api.w.org\/{rel}","templated":true}]}}